{"id":261,"date":"2018-06-27T12:06:48","date_gmt":"2018-06-27T12:06:48","guid":{"rendered":"http:\/\/tfm-qes.recursos.uoc.edu\/guia-del-treball-final-de-master\/?page_id=261"},"modified":"2022-10-06T16:31:47","modified_gmt":"2022-10-06T16:31:47","slug":"5-2-2-fases-del-projecte-daplicacio","status":"publish","type":"page","link":"http:\/\/tfm-qes.recursos.uoc.edu\/guia-del-treball-final-de-master\/5-2-2-fases-del-projecte-daplicacio\/","title":{"rendered":"5.2.2. Fases del Projecte d&#8217;aplicaci\u00f3"},"content":{"rendered":"<div class=\"tabletitle\"><p>Taula 3. Fases del TFM, accions i lliurables per a la modalitat A \u00abProjecte d\u2019aplicaci\u00f3 (amb \u00e8mfasi en la detecci\u00f3 de necessitats i l\u2019avaluaci\u00f3 de la implementaci\u00f3)\u00bb<\/p>\n<\/div>\n<table class=\"small-table\" width=\"571\">\n<tbody>\n<tr class=\"table-header\">\n<td width=\"85\"><em>\u00a0<\/em><\/td>\n<td width=\"486\"><strong>PROJECTE D\u2019APLICACI\u00d3<\/strong><\/td>\n<\/tr>\n<tr>\n<td rowspan=\"3\" width=\"85\"><strong>Viabilitat<\/strong><\/td>\n<td width=\"486\"><strong>ACCIONS<\/strong><br \/>\n<strong>Proposta de preprojecte<\/strong><br \/>\n<strong>Es pret\u00e9n donar resposta a les preguntes seg\u00fcents:<\/strong><br \/>\n\u25cf\u00a0\u00a0\u00a0\u00a0\u00a0 Quines s\u00f3n les necessitats i\/o problemes pr\u00e0ctics per resoldre?<br \/>\n\u25cf\u00a0\u00a0\u00a0\u00a0\u00a0 De quins elements clau disposo per a tirar endavant el projecte amb \u00e8xit?Es fa la identificaci\u00f3 inicial del problema i l\u2019esbossament d\u2019un diagn\u00f2stic preliminar de la situaci\u00f3 de partida. Per a aix\u00f2, l\u2019estudiant ha de disposar d\u2019un coneixement aproximat de la realitat en qu\u00e8 pret\u00e9n desenvolupar el projecte i, en la mesura del possible, ha de consultar un conjunt d\u2019informacions fidels, recents i rellevants per a definir el problema o situaci\u00f3.En aquesta fase inicial, l\u2019estudiant ha de tenir en compte, entre d\u2019altres:\u25cf\u00a0\u00a0\u00a0\u00a0\u00a0 Les necessitats potencials.\u25cf\u00a0\u00a0\u00a0\u00a0\u00a0 Les possibles causes que han originat el problema o que posen de manifest una necessitat.\u25cf\u00a0\u00a0\u00a0\u00a0\u00a0 La formulaci\u00f3 i delimitaci\u00f3 inicials del tema o problema.<\/p>\n<p>\u25cf\u00a0\u00a0\u00a0\u00a0\u00a0 La descripci\u00f3 d\u2019elements del context rellevants per al problema.<\/p>\n<p>\u25cf\u00a0\u00a0\u00a0\u00a0\u00a0 Les caracter\u00edstiques de la poblaci\u00f3 objecte del projecte<em>. <\/em><\/td>\n<\/tr>\n<tr>\n<td width=\"486\"><strong>APLICACI\u00d3<\/strong><\/p>\n<p><strong>Projecte d\u2019aplicaci\u00f3: DETECCI\u00d3 DE NECESSITATS<\/strong><\/p>\n<p><strong>Projecte d\u2019aplicaci\u00f3: AVALUACI\u00d3 DE LA IMPLEMENTACI\u00d3<\/strong><\/p>\n<p><strong>\u00a0<\/strong><em>No hi ha difer\u00e8ncies entre ambdues modalitats.<\/em><\/td>\n<\/tr>\n<tr>\n<td width=\"486\"><strong>LLIURABLE<\/strong><\/p>\n<p><strong>Preprojecte\u00a0<\/strong><\/p>\n<p>Est\u00e0 destinat a discutir sobre les intencions de l\u2019estudiantat i a ajudar a partir d\u2019una idea realista i viable.<\/td>\n<td width=\"0\"><\/td>\n<\/tr>\n<tr>\n<td rowspan=\"3\" width=\"85\"><strong>Planificaci\u00f3<\/strong><\/td>\n<td width=\"486\"><strong>ACCIONS<\/strong><\/p>\n<p><strong>Proposta de projecte<\/strong><\/p>\n<p>En l\u00ednia amb l\u2019exploraci\u00f3 inicial presentada en el preprojecte, la definici\u00f3 del projecte avan\u00e7a cap a una concreci\u00f3 m\u00e9s fina i cap a una articulaci\u00f3 de tots els elements clau que el constitueixen.<\/p>\n<p><strong>Es pret\u00e9n donar resposta a les preguntes seg\u00fcents:<\/strong><\/p>\n<p>\u25cf\u00a0\u00a0\u00a0\u00a0\u00a0 Qu\u00e8 volem aconseguir? Per a qu\u00e8?<\/p>\n<p>\u25cf\u00a0\u00a0\u00a0\u00a0\u00a0 A qui va dirigit?<\/p>\n<p>\u25cf\u00a0\u00a0\u00a0\u00a0\u00a0 Qu\u00e8 volem obtenir?<\/p>\n<p>\u25cf\u00a0\u00a0\u00a0\u00a0\u00a0 Com ho farem?<\/p>\n<p>\u25cf\u00a0\u00a0\u00a0\u00a0\u00a0 Quan es far\u00e0?<\/p>\n<p>\u25cf\u00a0\u00a0\u00a0\u00a0\u00a0 Amb qui i amb qu\u00e8 ho farem?<\/p>\n<p>\u25cf\u00a0\u00a0\u00a0\u00a0\u00a0 Quin cost tindr\u00e0?<\/p>\n<p>\u25cf\u00a0\u00a0\u00a0\u00a0\u00a0 Com ho avaluarem?<\/p>\n<p><strong>1. Fonamentaci\u00f3 <\/strong><\/p>\n<p>\u00c9s la ra\u00f3 de ser i l\u2019origen del projecte. Respon a la pregunta \u00abper qu\u00e8 es vol fer aquest projecte?\u00bb.<\/p>\n<p>S\u2019exposaran els motius pels quals volem portar a la pr\u00e0ctica aquest projecte i no un altre.<\/p>\n<p>S\u2019han d\u2019incloure els diferents tipus de raons que sostenen el projecte:<\/p>\n<p>\u25cf\u00a0\u00a0\u00a0\u00a0\u00a0 Justificacions te\u00f2riques, \u00e8tiques i legals per a fer el projecte.<\/p>\n<p>\u25cf\u00a0\u00a0\u00a0\u00a0\u00a0 Dades emp\u00edriques que s\u2019han tingut en compte per a proposar el projecte.<\/p>\n<p>\u25cf\u00a0\u00a0\u00a0\u00a0\u00a0 Justificaci\u00f3 epistemol\u00f2gica (disciplin\u00e0ria i metodol\u00f2gica o t\u00e8cnica); \u00e9s a dir, s\u2019argumentar\u00e0 per qu\u00e8 s\u2019intervindr\u00e0 des de la perspectiva que es planteja i no des d\u2019una altra.<\/p>\n<p>\u25cf\u00a0\u00a0\u00a0\u00a0\u00a0 Elecci\u00f3 de la teoria, model, paradigma o enfocament, \u00e9s a dir, marc te\u00f2ric de refer\u00e8ncia del qual es parteix per fonamentar i justificar el pla d\u2019acci\u00f3.<\/p>\n<p>Es tracta d\u2019incloure els aspectes seg\u00fcents:<\/p>\n<p>\u25cf\u00a0\u00a0\u00a0\u00a0\u00a0 Antecedents.<\/p>\n<p>\u25cf\u00a0\u00a0\u00a0\u00a0\u00a0 Situaci\u00f3 actual o anterior del projecte.<\/p>\n<p>\u25cf\u00a0\u00a0\u00a0\u00a0\u00a0 Situaci\u00f3 prevista en finalitzar el projecte.<\/p>\n<p>\u25cf\u00a0\u00a0\u00a0\u00a0\u00a0 Amenaces i oportunitats.<\/p>\n<p>\u25cf\u00a0\u00a0\u00a0\u00a0\u00a0 Necessitats detectades i no cobertes per altres projectes.<\/p>\n<p>Aquest apartat \u00e9s el que donar\u00e0 sentit al projecte. Si no es justifica suficientment la necessitat de dur-lo a terme, no tindr\u00e0 valor per m\u00e9s ben dissenyat que estigui.<\/p>\n<p><strong>2. Objectius<\/strong><\/p>\n<p>S\u00f3n els fins que es volen aconseguir amb l\u2019execuci\u00f3 d\u2019una acci\u00f3 planificada.<\/p>\n<p>Responen a la pregunta \u00abPer a qu\u00e8?\u00bb.<\/p>\n<p>Expressen finalitats i prop\u00f2sits assolibles i poden ser generals o espec\u00edfics.<\/p>\n<p>A l\u2019hora de redactar-los, han de ser:<\/p>\n<p>\u25cf\u00a0\u00a0\u00a0\u00a0\u00a0 clars, comprensibles i un\u00edvocs<\/p>\n<p>\u25cf\u00a0\u00a0\u00a0\u00a0\u00a0 coherents i realistes<\/p>\n<p>\u25cf\u00a0\u00a0\u00a0\u00a0\u00a0 pertinents<\/p>\n<p>\u25cf\u00a0\u00a0\u00a0\u00a0\u00a0 avaluables<\/p>\n<p>\u25cf\u00a0\u00a0\u00a0\u00a0\u00a0 breus<\/p>\n<p>\u25cf\u00a0\u00a0\u00a0\u00a0\u00a0 acceptables<\/p>\n<p>\u25cf\u00a0\u00a0\u00a0\u00a0\u00a0 en infinitiu<\/p>\n<p><strong>3. Continguts<\/strong><\/p>\n<p>Depenent del tipus de projecte, pot ser necessari seleccionar i organitzar un conjunt de continguts sobre els quals es treballar\u00e0 al llarg del projecte. Per a millorar-ne l\u2019organitzaci\u00f3, es poden dividir en m\u00f2duls tem\u00e0tics que agrupin una s\u00e8rie de t\u00f2pics o temes comuns.<\/p>\n<p><strong>4. Activitats i tasques <\/strong><\/p>\n<p>L\u2019activitat \u00e9s el conjunt de tasques que concreten i operativitzen l\u2019acci\u00f3 que s\u2019ha de portar a terme en el projecte. S\u00f3n les accions que s\u2019han de fer per a aconseguir els objectius plantejats.<\/p>\n<p>Respon a la pregunta \u00abCom es realitzar\u00e0 el projecte?\u00bb.<\/p>\n<p>Sempre es desglossa en tasques.<\/p>\n<p><strong>5. T\u00e8cniques utilitzables (metodologia)<\/strong><\/p>\n<p>Representen com farem el que hem de fer per a aconseguir els objectius marcats.<\/p>\n<p>Responen a la pregunta \u00abCom es vol realitzar el projecte o com es realitzar\u00e0?\u00bb.<\/p>\n<p>Alguns exemples de t\u00e8cniques s\u00f3n:<\/p>\n<p>\u25cf\u00a0\u00a0\u00a0\u00a0\u00a0 grupals<\/p>\n<p>\u25cf\u00a0\u00a0\u00a0\u00a0\u00a0 de reuni\u00f3 de treball<\/p>\n<p>\u25cf\u00a0\u00a0\u00a0\u00a0\u00a0 d\u2019observaci\u00f3<\/p>\n<p>\u25cf\u00a0\u00a0\u00a0\u00a0\u00a0 de comunicaci\u00f3 oral<\/p>\n<p>\u25cf\u00a0\u00a0\u00a0\u00a0\u00a0 biogr\u00e0fiques<\/p>\n<p>\u25cf\u00a0\u00a0\u00a0\u00a0\u00a0 etc.<\/p>\n<p>D\u2019aquesta manera, \u00e9s necessari que en el projecte es prevegin les diferents t\u00e8cniques que s\u2019empraran durant la realitzaci\u00f3.<\/p>\n<p><strong>6. Recursos<\/strong><\/p>\n<p>S\u2019ha de fer una previsi\u00f3 dels recursos de qu\u00e8 disposarem per a engegar la realitzaci\u00f3 del projecte.<\/p>\n<p>S\u2019ent\u00e9n que recursos s\u00f3n tots els mitjans que seran necessaris per a engegar les activitats que es planifiquin en el projecte.<\/p>\n<p>Els tipus de recursos s\u00f3n:<\/p>\n<p>\u25cf\u00a0\u00a0\u00a0\u00a0\u00a0 humans<\/p>\n<p>\u25cf\u00a0\u00a0\u00a0\u00a0\u00a0 materials<\/p>\n<p>\u25cf\u00a0\u00a0\u00a0\u00a0\u00a0 econ\u00f2mics<\/p>\n<p><strong>7. Ubicaci\u00f3<\/strong><\/p>\n<p>Responen a la pregunta \u00abOn es realitzar\u00e0 el projecte?\u00bb.<\/p>\n<p>S\u2019ha de determinar la localitzaci\u00f3 f\u00edsica del projecte (entitat, situaci\u00f3 geogr\u00e0fica i altres elements rellevants per al tema o problema), amb una descripci\u00f3 tant de l\u2019entorn en el qual s\u2019aplicar\u00e0 com dels espais que estaran a la seva disposici\u00f3.<\/p>\n<p>Amb aquesta informaci\u00f3 es pret\u00e9n con\u00e8ixer millor la realitat dels beneficiaris del projecte, ja que moltes vegades explica millor el context i les circumst\u00e0ncies de les persones amb les quals es treballar\u00e0.<\/p>\n<p><strong>8. Temporalitzaci\u00f3<\/strong><\/p>\n<p>Es tracta de distribuir les activitats que es faran en el temps disponible, de manera que es pugui con\u00e8ixer la seq\u00fc\u00e8ncia d\u2019activitats, la durada de cadascuna, etc.<\/p>\n<p>El gr\u00e0fic m\u00e9s comunament emprat \u00e9s el diagrama de Gantt. Tamb\u00e9 es pot emprar el model proposat en la plantilla P2 \u00abPlantilla per a presentar el projecte de TFM\u00bb.<\/td>\n<\/tr>\n<tr>\n<td width=\"486\"><strong>APLICACI\u00d3<\/strong><\/p>\n<p><strong>\u00a0<\/strong><strong>Projecte d\u2019aplicaci\u00f3: DETECCI\u00d3 DE NECESSITATS<\/strong><\/p>\n<p>En aquest tipus destaquen els elements seg\u00fcents:<\/p>\n<p>\u25cf\u00a0\u00a0\u00a0\u00a0 An\u00e0lisi de la situaci\u00f3 mitjan\u00e7ant:<\/p>\n<p>\u25cb\u00a0\u00a0\u00a0\u00a0\u00a0 recollida de dades\/informaci\u00f3<\/p>\n<p>\u25cb\u00a0\u00a0\u00a0\u00a0\u00a0 an\u00e0lisi de dades\/informaci\u00f3<\/p>\n<p>\u25cb\u00a0\u00a0\u00a0\u00a0\u00a0 definici\u00f3 operativa del problema o necessitat<\/p>\n<p>\u25cf\u00a0\u00a0\u00a0\u00a0 Pla d\u2019intervenci\u00f3 (accions, actors, temps, recursos, etc.).<\/p>\n<p>\u25cf\u00a0\u00a0\u00a0\u00a0 Validaci\u00f3 del projecte d\u2019aplicaci\u00f3 (m\u00e8todes, aplicaci\u00f3 i revisi\u00f3 del projecte).<\/p>\n<p><strong>Projecte d\u2019aplicaci\u00f3: AVALUACI\u00d3 DE LA IMPLEMENTACI\u00d3<\/strong><\/p>\n<p>En aquest tipus destaquen els elements seg\u00fcents:<\/p>\n<p>\u25cf\u00a0\u00a0\u00a0\u00a0 Familiaritzaci\u00f3 i revisi\u00f3 cr\u00edtica del pla d\u2019intervenci\u00f3 (inclusi\u00f3 d\u2019una metodologia d\u2019avaluaci\u00f3 d\u2019impacte si no est\u00e0 inclosa).<\/p>\n<p>\u25cf\u00a0\u00a0\u00a0\u00a0 Execuci\u00f3 del pla d\u2019intervenci\u00f3.<\/p>\n<p>\u25cf\u00a0\u00a0\u00a0\u00a0 Recol\u00b7lecci\u00f3 de dades\/informaci\u00f3.<\/p>\n<p>\u25cf\u00a0\u00a0\u00a0\u00a0 An\u00e0lisi de dades\/informaci\u00f3.<\/p>\n<p>\u25cf\u00a0\u00a0\u00a0\u00a0 Avaluaci\u00f3 del projecte d\u2019aplicaci\u00f3 (m\u00e8todes, aplicaci\u00f3 i revisi\u00f3 del projecte).<\/td>\n<\/tr>\n<tr>\n<td width=\"486\"><strong>LLIURABLE<\/strong><\/p>\n<p><strong>Projecte<\/strong><\/p>\n<p>\u00c9s el primer esborrany del treball.<\/p>\n<p>S\u2019anir\u00e0 completant.<\/td>\n<td width=\"0\"><\/td>\n<\/tr>\n<tr>\n<td rowspan=\"3\" width=\"85\"><strong>Execuci\u00f3 i monitoratge<\/strong><\/td>\n<td width=\"486\"><strong>ACCIONS<\/strong><\/p>\n<p>Es tracta de posar en pr\u00e0ctica i executar el projecte. Durant aquesta fase s\u2019implementa el conjunt d\u2019accions planificades amb la finalitat d\u2019aconseguir els objectius plantejats en el treball. Hi destaquen les etapes seg\u00fcents:<\/p>\n<p>\u25cf\u00a0\u00a0\u00a0\u00a0\u00a0 recollida i an\u00e0lisi de dades\/informaci\u00f3 segons fases, elaboraci\u00f3 de resultats intermedis<\/p>\n<p>\u25cf\u00a0\u00a0\u00a0\u00a0\u00a0 avaluaci\u00f3 de la proposta<\/p>\n<p>\u25cf\u00a0\u00a0\u00a0\u00a0\u00a0 discussi\u00f3 de resultats<\/p>\n<p><strong>Es pret\u00e9n donar resposta a les preguntes seg\u00fcents:<\/strong><\/p>\n<p>\u25cf\u00a0\u00a0\u00a0\u00a0\u00a0 S\u2019estan portant a terme les accions planificades?<\/p>\n<p>\u25cf\u00a0\u00a0\u00a0\u00a0\u00a0 S\u2019estan utilitzant els recursos correctament?<\/p>\n<p>\u25cf\u00a0\u00a0\u00a0\u00a0\u00a0 S\u2019est\u00e0 avan\u00e7ant cap al compliment dels objectius i la resoluci\u00f3 del problema o situaci\u00f3?<\/p>\n<p>Tot projecte ha de tenir una part d\u2019avaluaci\u00f3. Segons l\u2019abast del TFM, es concretar\u00e0 el model d\u2019avaluaci\u00f3 que s\u2019ha de seguir, i se n\u2019identificaran alguns criteris i indicadors. Es respondr\u00e0 a les preguntes seg\u00fcents:<\/p>\n<p>\u25cf\u00a0\u00a0\u00a0\u00a0\u00a0 Qu\u00e8 avaluo?, per qu\u00e8?, per a qu\u00e8?<\/p>\n<p>\u25cf\u00a0\u00a0\u00a0\u00a0\u00a0 Quan avaluo?<\/p>\n<p>\u25cf\u00a0\u00a0\u00a0\u00a0\u00a0 Qui avalua?, a qui?, per a qui?<\/p>\n<p>\u25cf\u00a0\u00a0\u00a0\u00a0\u00a0 Com avaluo?<\/p>\n<p>\u25cf\u00a0\u00a0\u00a0\u00a0\u00a0 Qu\u00e8 necessito per a avaluar?<\/p>\n<p>En els projectes hi poden haver diferents moments per a avaluar segons la fase de desenvolupament en qu\u00e8 estigui. En aquest cas, seran aplicables els tipus d\u2019avaluaci\u00f3 seg\u00fcents:<\/p>\n<p><strong>a) Avaluaci\u00f3 de la posada en pr\u00e0ctica del projecte<\/strong><\/p>\n<p>Cal tenir en compte quins mecanismes s\u2019engegaran per a avaluar la posada en pr\u00e0ctica del projecte, si el projecte s\u2019est\u00e0 duent a terme segons el que es va establir, si s\u2019han hagut de fer o s\u2019han fet modificacions, les causes de les desviacions de la planificaci\u00f3, etc.<\/p>\n<p>\u00c9s normal que en la implementaci\u00f3 d\u2019un projecte no surti tot tal com es va dissenyar; per aix\u00f2 \u00e9s necessari tenir en compte en el disseny mateix aquest tipus d\u2019avaluaci\u00f3 i la manera d\u2019actuar en cas de trobar desviacions que poden enriquir el projecte.<\/p>\n<p><strong>b) Avaluaci\u00f3 final del projecte<\/strong><\/p>\n<p>En el projecte mateix s\u2019ha de preveure l\u2019avaluaci\u00f3 que es far\u00e0 al final de la implementaci\u00f3, en la qual no solament es tindr\u00e0 en compte el nivell de compliment dels objectius proposats, sin\u00f3 que tamb\u00e9 es valorar\u00e0 l\u2019adequaci\u00f3 del projecte a les necessitats amb les quals es plantejava el treball i el seu desenvolupament.<\/p>\n<p>Es pret\u00e9n donar resposta a les preguntes seg\u00fcents:<\/p>\n<p>\u25cf\u00a0\u00a0\u00a0\u00a0\u00a0 Quins han estat els resultats i l\u2019impacte del projecte?<\/p>\n<p>\u25cf\u00a0\u00a0\u00a0\u00a0\u00a0 Quina \u00e9s la qualitat del disseny, desenvolupament, resultats i avaluaci\u00f3 del projecte?<\/td>\n<\/tr>\n<tr>\n<td width=\"486\"><strong>APLICACI\u00d3<\/strong><\/p>\n<p><strong>Projecte d\u2019aplicaci\u00f3: DETECCI\u00d3 DE NECESSITATS<\/strong><\/p>\n<p>En aquest tipus destaquen els elements seg\u00fcents:<\/p>\n<p>\u25cf \u00a0 \u00a0 \u00a0 \u00a0 detecci\u00f3 de necessitats segons una an\u00e0lisi sistem\u00e0tica<\/p>\n<p>\u25cf \u00a0 \u00a0 \u00a0 \u00a0 formulaci\u00f3 d\u2019una proposta o soluci\u00f3<\/p>\n<p>\u25cf \u00a0 \u00a0 \u00a0 \u00a0 avaluaci\u00f3 i resultats<\/p>\n<p><strong>Projecte d\u2019aplicaci\u00f3: AVALUACI\u00d3 DE LA IMPLEMENTACI\u00d3<\/strong><\/p>\n<p>En aquest tipus destaquen els elements seg\u00fcents:<\/p>\n<p>\u25cf \u00a0 \u00a0 \u00a0 \u00a0 revisi\u00f3 d\u2019una proposta o soluci\u00f3<\/p>\n<p>\u25cf \u00a0 \u00a0 \u00a0 \u00a0 implementaci\u00f3 de la proposta o soluci\u00f3<\/p>\n<p>\u25cf \u00a0 \u00a0 \u00a0 \u00a0 avaluaci\u00f3 i resultats<\/td>\n<\/tr>\n<tr>\n<td width=\"486\"><strong>LLIURABLES<\/strong><\/p>\n<p><strong>Informe d\u2019avan\u00e7ament 1<\/strong><\/p>\n<p>\u00c9s el document esborrany del projecte amb els elements treballats fins al moment. S\u2019anir\u00e0 completant.<\/td>\n<td width=\"0\"><\/td>\n<\/tr>\n<tr>\n<td rowspan=\"3\" width=\"85\"><strong>Tancament i informe<\/strong><\/td>\n<td width=\"486\"><strong>ACCIONS<\/strong><\/p>\n<p>Es tracta de l\u2019\u00faltima fase de treball del projecte. L\u2019estudiant se centrar\u00e0 a completar tots els aspectes pendents de resoldre, a elaborar les conclusions i a fer la revisi\u00f3 general (de coher\u00e8ncia i format) del projecte.<\/p>\n<p><strong>1. Conclusions<\/strong><\/p>\n<p>Les conclusions constitueixen una s\u00edntesi dels aspectes m\u00e9s rellevants en relaci\u00f3 amb els resultats obtinguts i de les discussions d\u2019aquests resultats.<\/p>\n<p>Quan amb els resultats obtinguts no s\u2019aconsegueixin establir \u00abveritables conclusions\u00bb, es podran incloure conclusions que, al seu torn, siguin l\u00ednies de recerca per a futurs projectes.<\/p>\n<p>Es recomana descriure la prospectiva i implicacions que el projecte t\u00e9 en l\u2019\u00e0mbit d\u2019aplicaci\u00f3. Per exemple, les propostes de millora derivades d\u2019avaluar resultats d\u2019un determinat programa d\u2019intervenci\u00f3 poden ser objecte de disseny de nous programes.<\/p>\n<p><strong>2. Revisi\u00f3 general del projecte<\/strong><\/p>\n<p>Es far\u00e0 una revisi\u00f3 final del projecte centrant-se en la coher\u00e8ncia i el format del document.<\/p>\n<p>Altres seccions que han de formar part del projecte s\u00f3n:<\/p>\n<p>\u25cf\u00a0\u00a0\u00a0\u00a0\u00a0 Refer\u00e8ncies bibliogr\u00e0fiques<\/p>\n<p>S\u2019inclouran totes les refer\u00e8ncies bibliogr\u00e0fiques emprades per a elaborar el projecte. Les refer\u00e8ncies compliran una funci\u00f3 doble: d\u2019una banda, recon\u00e8ixer el treball que no \u00e9s pr\u00f2piament de l\u2019estudiant, sin\u00f3 d\u2019altres autors, i, d\u2019altra banda, fonamentar les afirmacions que es facin citant autors reconeguts.<\/p>\n<p>\u25cf\u00a0\u00a0\u00a0\u00a0\u00a0\u00a0\u00a0 Annexos<\/p>\n<p>Moltes vegades es fa necessari complementar el document del projecte amb annexos. Es poden incloure tots els annexos que contribueixin a entendre millor com ser\u00e0 el projecte, i els documents que s\u2019empraran en les activitats a desenvolupar (fitxes, continguts, etc.), etc.<\/p>\n<p>Es recomana no recarregar excessivament la presentaci\u00f3 del projecte amb annexos.<\/td>\n<\/tr>\n<tr>\n<td width=\"486\"><strong>APLICACI\u00d3<\/strong><\/p>\n<p><strong>Projecte d\u2019aplicaci\u00f3: DETECCI\u00d3 DE NECESSITATS<\/strong><\/p>\n<p><strong>Projecte d\u2019aplicaci\u00f3: AVALUACI\u00d3 DE LA IMPLEMENTACI\u00d3<\/strong><\/p>\n<p><em>No hi ha difer\u00e8ncies entre ambdues modalitats.<\/em><\/td>\n<\/tr>\n<tr>\n<td width=\"486\"><strong>LLIURABLE<\/strong><\/p>\n<p><strong>Informe d\u2019avan\u00e7ament 2<\/strong><\/p>\n<p>Esborrany final del TFM que es presenta al\/ a la tutor\/a perqu\u00e8 el validi abans del lliurament.<\/p>\n<p><strong>Versi\u00f3 final del TFM<\/strong> (versi\u00f3 objecte de defensa i avaluaci\u00f3 final).<\/td>\n<\/tr>\n<\/tbody>\n<\/table>\n","protected":false},"excerpt":{"rendered":"<p>\u00a0 PROJECTE D\u2019APLICACI\u00d3 Viabilitat ACCIONS Proposta de preprojecte Es pret\u00e9n donar resposta a les preguntes seg\u00fcents: \u25cf\u00a0\u00a0\u00a0\u00a0\u00a0 Quines s\u00f3n les necessitats i\/o problemes pr\u00e0ctics per resoldre? \u25cf\u00a0\u00a0\u00a0\u00a0\u00a0 De quins elements clau disposo per a tirar endavant el projecte amb \u00e8xit?Es fa la identificaci\u00f3 inicial del problema i l\u2019esbossament d\u2019un diagn\u00f2stic preliminar de la situaci\u00f3 de [&hellip;]<\/p>\n","protected":false},"author":1,"featured_media":0,"parent":0,"menu_order":0,"comment_status":"closed","ping_status":"closed","template":"","meta":[],"_links":{"self":[{"href":"http:\/\/tfm-qes.recursos.uoc.edu\/guia-del-treball-final-de-master\/wp-json\/wp\/v2\/pages\/261"}],"collection":[{"href":"http:\/\/tfm-qes.recursos.uoc.edu\/guia-del-treball-final-de-master\/wp-json\/wp\/v2\/pages"}],"about":[{"href":"http:\/\/tfm-qes.recursos.uoc.edu\/guia-del-treball-final-de-master\/wp-json\/wp\/v2\/types\/page"}],"author":[{"embeddable":true,"href":"http:\/\/tfm-qes.recursos.uoc.edu\/guia-del-treball-final-de-master\/wp-json\/wp\/v2\/users\/1"}],"replies":[{"embeddable":true,"href":"http:\/\/tfm-qes.recursos.uoc.edu\/guia-del-treball-final-de-master\/wp-json\/wp\/v2\/comments?post=261"}],"version-history":[{"count":8,"href":"http:\/\/tfm-qes.recursos.uoc.edu\/guia-del-treball-final-de-master\/wp-json\/wp\/v2\/pages\/261\/revisions"}],"predecessor-version":[{"id":431,"href":"http:\/\/tfm-qes.recursos.uoc.edu\/guia-del-treball-final-de-master\/wp-json\/wp\/v2\/pages\/261\/revisions\/431"}],"wp:attachment":[{"href":"http:\/\/tfm-qes.recursos.uoc.edu\/guia-del-treball-final-de-master\/wp-json\/wp\/v2\/media?parent=261"}],"curies":[{"name":"wp","href":"https:\/\/api.w.org\/{rel}","templated":true}]}}