{"id":187,"date":"2018-06-06T18:19:23","date_gmt":"2018-06-06T18:19:23","guid":{"rendered":"http:\/\/tfm-qes.recursos.uoc.edu\/guia-del-treball-final-de-master\/?page_id=187"},"modified":"2018-06-14T13:30:22","modified_gmt":"2018-06-14T13:30:22","slug":"bibliografia","status":"publish","type":"page","link":"http:\/\/tfm-qes.recursos.uoc.edu\/guia-del-treball-final-de-master\/bibliografia\/","title":{"rendered":"Bibliografia"},"content":{"rendered":"<p><strong>Garc\u00eda, M. P.; Mart\u00ednez, P.<\/strong> (coord.) (2012). <em>Gu\u00eda pr\u00e1ctica docente para la realizaci\u00f3n de trabajos fin de grado y trabajos fin de m\u00e1ster<\/em>. M\u00farcia: Universitat de M\u00farcia.<\/p>\n<p><strong>Maina, M.<\/strong> (2017). <em>Gu\u00eda del Seminario de investigaci\u00f3n: Posgrado en investigaci\u00f3n e-learning<\/em>. Barcelona: UOC.<\/p>\n<p><strong>Rodr\u00edguez, M. L.; Llanes, J.; Burguet, M.; Buxarrais, M. R.; Esteban, F.; Jarauta, B.; Cruz Molina, M.<\/strong> (2013). <em>Com elaborar, tutoritzar i avaluar un treball de fi de m\u00e0ster<\/em>. Barcelona: AQU Catalunya.<\/p>\n<p><strong>Universitat Oberta de Catalunya<\/strong>. <em>Gu\u00eda del trabajo final de m\u00e1ster de aplicaci\u00f3n profesional: m\u00e1ster interuniversitario en seguridad de las tecnolog\u00edas de la informaci\u00f3n y de las comunicaciones (MISTIC)<\/em>. UOC, UAB, URV, UIB.<\/p>\n<p><strong>Universitat Oberta de Catalunya<\/strong> (2017). <em>Trabajo final de m\u00e1ster y pr\u00e1cticas externas: Gu\u00eda del itinerario profesionalizador: M\u00e1ster universitario en educaci\u00f3n y TIC (e-learning)<\/em>. Barcelona: UOC.<\/p>\n","protected":false},"excerpt":{"rendered":"<p>Garc\u00eda, M. P.; Mart\u00ednez, P. (coord.) (2012). Gu\u00eda pr\u00e1ctica docente para la realizaci\u00f3n de trabajos fin de grado y trabajos fin de m\u00e1ster. M\u00farcia: Universitat de M\u00farcia. Maina, M. (2017). Gu\u00eda del Seminario de investigaci\u00f3n: Posgrado en investigaci\u00f3n e-learning. Barcelona: UOC. Rodr\u00edguez, M. L.; Llanes, J.; Burguet, M.; Buxarrais, M. R.; Esteban, F.; Jarauta, B.; [&hellip;]<\/p>\n","protected":false},"author":1,"featured_media":0,"parent":0,"menu_order":0,"comment_status":"closed","ping_status":"closed","template":"","meta":[],"_links":{"self":[{"href":"http:\/\/tfm-qes.recursos.uoc.edu\/guia-del-treball-final-de-master\/wp-json\/wp\/v2\/pages\/187"}],"collection":[{"href":"http:\/\/tfm-qes.recursos.uoc.edu\/guia-del-treball-final-de-master\/wp-json\/wp\/v2\/pages"}],"about":[{"href":"http:\/\/tfm-qes.recursos.uoc.edu\/guia-del-treball-final-de-master\/wp-json\/wp\/v2\/types\/page"}],"author":[{"embeddable":true,"href":"http:\/\/tfm-qes.recursos.uoc.edu\/guia-del-treball-final-de-master\/wp-json\/wp\/v2\/users\/1"}],"replies":[{"embeddable":true,"href":"http:\/\/tfm-qes.recursos.uoc.edu\/guia-del-treball-final-de-master\/wp-json\/wp\/v2\/comments?post=187"}],"version-history":[{"count":2,"href":"http:\/\/tfm-qes.recursos.uoc.edu\/guia-del-treball-final-de-master\/wp-json\/wp\/v2\/pages\/187\/revisions"}],"predecessor-version":[{"id":250,"href":"http:\/\/tfm-qes.recursos.uoc.edu\/guia-del-treball-final-de-master\/wp-json\/wp\/v2\/pages\/187\/revisions\/250"}],"wp:attachment":[{"href":"http:\/\/tfm-qes.recursos.uoc.edu\/guia-del-treball-final-de-master\/wp-json\/wp\/v2\/media?parent=187"}],"curies":[{"name":"wp","href":"https:\/\/api.w.org\/{rel}","templated":true}]}}