{"id":166,"date":"2018-06-06T17:18:54","date_gmt":"2018-06-06T17:18:54","guid":{"rendered":"http:\/\/tfm-qes.recursos.uoc.edu\/guia-del-treball-final-de-master\/?page_id=166"},"modified":"2018-06-06T18:43:31","modified_gmt":"2018-06-06T18:43:31","slug":"3-2-3-modalitat-b-projecte-de-plantejament-teoric","status":"publish","type":"page","link":"http:\/\/tfm-qes.recursos.uoc.edu\/guia-del-treball-final-de-master\/3-2-3-modalitat-b-projecte-de-plantejament-teoric\/","title":{"rendered":"3.2.3. Modalitat B: projecte de plantejament te\u00f2ric"},"content":{"rendered":"<p>Aquest tipus de TFM es fonamenta en un desenvolupament de base te\u00f2rica i en l\u2019elaboraci\u00f3 d\u2019un constructe aplicable a m\u00e9s d\u2019un context o \u00e0mbit concret. S\u2019orienta a construir una proposta sobre la base d\u2019una revisi\u00f3 documental que servir\u00e0 de punt de partida per a identificar i definir un problema, i per a elaborar una soluci\u00f3 que constitueixi un aven\u00e7 en un camp de treball concret (per exemple, els sistemes de garantia de la qualitat, els models d\u2019avaluaci\u00f3, els est\u00e0ndards de qualitat, les classificacions, etc.).<\/p>\n<p>Des del punt de vista metodol\u00f2gic, s\u2019espera que l\u2019estudiant utilitzi m\u00e8todes de cerca i revisi\u00f3 bibliogr\u00e0fica exhaustius tant per a aprofundir en un problema o tema com per a elaborar una proposta. En aquest cas, tamb\u00e9 \u00e9s necessari validar el constructe resultant de la integraci\u00f3 te\u00f2rica. Quant a la contribuci\u00f3 final, es pret\u00e9n que l\u2019estudiant construeixi una soluci\u00f3 gen\u00e8rica que doni resposta a un problema determinat.<\/p>\n<p>L\u2019abast dels resultats d\u2019aquesta modalitat de TFM \u00e9s ampli, i constitueix un nou coneixement generat que \u00e9s transferible i aplicable a diferents situacions i contextos.<\/p>\n<p>En aquest sentit, l\u2019estudiant podr\u00e0 desenvolupar un model, un marc funcional, un esquema de procediments, etc., en el qual es plantegi alguna millora, adaptaci\u00f3 i fins i tot innovaci\u00f3 relacionada amb els processos de qualitat, sistemes de garantia de la qualitat, est\u00e0ndards i indicadors, etc. Aquest tipus de TFM pot adquirir forma d\u2019estudi comparatiu o estudi prospectiu, entre d\u2019altres.<\/p>\n<div class=\"featured featured-grey\"><\/p>\n<p><strong>Exemple<\/strong><\/p>\n<p>Per a il\u00b7lustrar aquest tipus de TFM, es poden posar els exemples seg\u00fcents, entre d\u2019altres:<\/p>\n<ul>\n<li>Desenvolupament d\u2019un marc per a assegurar la qualitat d\u2019una regi\u00f3, pa\u00eds o disciplina concreta.<\/li>\n<li>Desenvolupament d\u2019un model d\u2019avaluaci\u00f3 externa innovador.<\/li>\n<li>Proposta d\u2019una innovaci\u00f3 relacionada amb els processos de qualitat (sistemes de garantia interna de la qualitat).<\/li>\n<li>Millora, adaptaci\u00f3 o innovaci\u00f3 d\u2019est\u00e0ndards i indicadors per a assegurar la qualitat.<\/li>\n<li>Desenvolupament d\u2019un instrument d\u2019avaluaci\u00f3 de la qualitat en funci\u00f3 dels criteris proposats en r\u00e0nquings universitaris reconeguts.<\/li>\n<\/ul>\n<p>\n<\/div>\n","protected":false},"excerpt":{"rendered":"<p>Aquest tipus de TFM es fonamenta en un desenvolupament de base te\u00f2rica i en l\u2019elaboraci\u00f3 d\u2019un constructe aplicable a m\u00e9s d\u2019un context o \u00e0mbit concret. S\u2019orienta a construir una proposta sobre la base d\u2019una revisi\u00f3 documental que servir\u00e0 de punt de partida per a identificar i definir un problema, i per a elaborar una soluci\u00f3 [&hellip;]<\/p>\n","protected":false},"author":1,"featured_media":0,"parent":0,"menu_order":0,"comment_status":"closed","ping_status":"closed","template":"","meta":[],"_links":{"self":[{"href":"http:\/\/tfm-qes.recursos.uoc.edu\/guia-del-treball-final-de-master\/wp-json\/wp\/v2\/pages\/166"}],"collection":[{"href":"http:\/\/tfm-qes.recursos.uoc.edu\/guia-del-treball-final-de-master\/wp-json\/wp\/v2\/pages"}],"about":[{"href":"http:\/\/tfm-qes.recursos.uoc.edu\/guia-del-treball-final-de-master\/wp-json\/wp\/v2\/types\/page"}],"author":[{"embeddable":true,"href":"http:\/\/tfm-qes.recursos.uoc.edu\/guia-del-treball-final-de-master\/wp-json\/wp\/v2\/users\/1"}],"replies":[{"embeddable":true,"href":"http:\/\/tfm-qes.recursos.uoc.edu\/guia-del-treball-final-de-master\/wp-json\/wp\/v2\/comments?post=166"}],"version-history":[{"count":2,"href":"http:\/\/tfm-qes.recursos.uoc.edu\/guia-del-treball-final-de-master\/wp-json\/wp\/v2\/pages\/166\/revisions"}],"predecessor-version":[{"id":216,"href":"http:\/\/tfm-qes.recursos.uoc.edu\/guia-del-treball-final-de-master\/wp-json\/wp\/v2\/pages\/166\/revisions\/216"}],"wp:attachment":[{"href":"http:\/\/tfm-qes.recursos.uoc.edu\/guia-del-treball-final-de-master\/wp-json\/wp\/v2\/media?parent=166"}],"curies":[{"name":"wp","href":"https:\/\/api.w.org\/{rel}","templated":true}]}}