{"id":81,"date":"2018-07-04T18:21:30","date_gmt":"2018-07-04T18:21:30","guid":{"rendered":"http:\/\/tfm-qes.recursos.uoc.edu\/fitxes\/?page_id=81"},"modified":"2024-08-10T10:29:19","modified_gmt":"2024-08-10T10:29:19","slug":"directrius-per-a-la-presentacio-audiovisual-del-tfm","status":"publish","type":"page","link":"http:\/\/tfm-qes.recursos.uoc.edu\/fitxes\/","title":{"rendered":"Presentaci\u00f3 audiovisual i defensa s\u00edncrona del TFM"},"content":{"rendered":"<p>La preparaci\u00f3 per a la defensa compr\u00e8n tant el lliurament del document del TFM (en format d\u2019informe final o comunicaci\u00f3) com l\u2019elaboraci\u00f3 d\u2019una presentaci\u00f3 audiovisual.<\/p>\n<p>La presentaci\u00f3 audiovisual ha de resumir els aspectes sobresortints del projecte i presentar-lo de manera integral. \u00c9s un exercici de s\u00edntesi i prioritzaci\u00f3 d\u2019informaci\u00f3, d\u2019\u00fas apropiat d\u2019elements visuals i d\u2019expressi\u00f3 oral convincent. L\u2019objectiu \u00e9s comunicar el projecte posant-ne de manifest el valor i la contribuci\u00f3 en el camp.<\/p>\n<p>En la seg\u00fcent infografia es presenten els passos a seguir amb suggeriments per a cadascun d&#8217;ells.<\/p>\n<p><img loading=\"lazy\" class=\"alignnone size-full wp-image-168\" src=\"\/wp-content\/uploads\/sites\/7\/2024\/08\/infografia-defense-TFM-Q-CAT-PID_00292675-agosto-2024-scaled.jpg\" alt=\"\" width=\"624\" height=\"2560\" srcset=\"\/wp-content\/uploads\/sites\/7\/2024\/08\/infografia-defense-TFM-Q-CAT-PID_00292675-agosto-2024-scaled.jpg 624w, \/wp-content\/uploads\/sites\/7\/2024\/08\/infografia-defense-TFM-Q-CAT-PID_00292675-agosto-2024-73x300.jpg 73w, \/wp-content\/uploads\/sites\/7\/2024\/08\/infografia-defense-TFM-Q-CAT-PID_00292675-agosto-2024-768x3152.jpg 768w, \/wp-content\/uploads\/sites\/7\/2024\/08\/infografia-defense-TFM-Q-CAT-PID_00292675-agosto-2024-499x2048.jpg 499w\" sizes=\"(max-width: 624px) 100vw, 624px\" \/><\/p>\n<p><strong>Procediment d\u2019enregistrament de la presentaci\u00f3<\/strong><\/p>\n<p>L\u2019aplicaci\u00f3 suggerida per a crear la presentaci\u00f3 audiovisual (enregistrament del diaporama i del presentador\/a) \u00e9s l&#8217;eina incorporada a l&#8217;editor de missatges de Canvas o\u00a0<a href=\"https:\/\/screenpal.com\/\" target=\"_blank\" rel=\"noopener\">ScreenPal<\/a>. ScreenPal \u00e9s una aplicaci\u00f3 de molt f\u00e0cil \u00fas per a gravar els esdeveniments de la pantalla de l\u2019ordinador i compartir-los. Amb uns pocs clics es pot gravar la pantalla (amb l\u2019opci\u00f3 d\u2019incloure c\u00e0mera web i micr\u00f2fon) i guardar el v\u00eddeo localment (o pujar-lo de manera directa a serveis habilitats). ScreenPal no requereix instal\u00b7laci\u00f3 i funciona en la majoria dels navegadors i sistemes operatius. \u00c9s accessible des de <a href=\"https:\/\/screenpal.com\/\" target=\"_blank\" rel=\"noopener\">https:\/\/screenpal.com\/<\/a><\/p>\n<p>\u00c9s aconsellable fer una pr\u00e0ctica pr\u00e8via d&#8217;enregistrament per a con\u00e8ixer-ne les funcionalitats i les possibilitats de les eines.<\/p>\n","protected":false},"excerpt":{"rendered":"<p>La preparaci\u00f3 per a la defensa compr\u00e8n tant el lliurament del document del TFM (en format d\u2019informe final o comunicaci\u00f3) com l\u2019elaboraci\u00f3 d\u2019una presentaci\u00f3 audiovisual. La presentaci\u00f3 audiovisual ha de resumir els aspectes sobresortints del projecte i presentar-lo de manera integral. \u00c9s un exercici de s\u00edntesi i prioritzaci\u00f3 d\u2019informaci\u00f3, d\u2019\u00fas apropiat d\u2019elements visuals i d\u2019expressi\u00f3 [&hellip;]<\/p>\n","protected":false},"author":1,"featured_media":0,"parent":0,"menu_order":0,"comment_status":"closed","ping_status":"closed","template":"","meta":[],"_links":{"self":[{"href":"http:\/\/tfm-qes.recursos.uoc.edu\/fitxes\/wp-json\/wp\/v2\/pages\/81"}],"collection":[{"href":"http:\/\/tfm-qes.recursos.uoc.edu\/fitxes\/wp-json\/wp\/v2\/pages"}],"about":[{"href":"http:\/\/tfm-qes.recursos.uoc.edu\/fitxes\/wp-json\/wp\/v2\/types\/page"}],"author":[{"embeddable":true,"href":"http:\/\/tfm-qes.recursos.uoc.edu\/fitxes\/wp-json\/wp\/v2\/users\/1"}],"replies":[{"embeddable":true,"href":"http:\/\/tfm-qes.recursos.uoc.edu\/fitxes\/wp-json\/wp\/v2\/comments?post=81"}],"version-history":[{"count":15,"href":"http:\/\/tfm-qes.recursos.uoc.edu\/fitxes\/wp-json\/wp\/v2\/pages\/81\/revisions"}],"predecessor-version":[{"id":173,"href":"http:\/\/tfm-qes.recursos.uoc.edu\/fitxes\/wp-json\/wp\/v2\/pages\/81\/revisions\/173"}],"wp:attachment":[{"href":"http:\/\/tfm-qes.recursos.uoc.edu\/fitxes\/wp-json\/wp\/v2\/media?parent=81"}],"curies":[{"name":"wp","href":"https:\/\/api.w.org\/{rel}","templated":true}]}}